ighest common factor of 167843 and 247.
13
Calculate the highest common factor of 84 and 19862346.
42
Calculate the highest common factor of 3404 and 42112586.
1702
What is the highest common factor of 126 and 6347278?
14
What is the greatest common factor of 382430 and 2358040?
1670
What is the greatest common divisor of 681 and 63663?
3
What is the highest common divisor of 18109464 and 2862?
318
What is the greatest common divisor of 14809720 and 255?
85
Calculate the highest common factor of 71755 and 160.
5
What is the greatest common factor of 935 and 147785?
55
Calculate the greatest common divisor of 2988384 and 8316.
84
Calculate the greatest common divisor of 34 and 293431.
1
Calculate the greatest common divisor of 676 and 29208946.
338
What is the greatest common factor of 1155 and 49266910?
385
Calculate the highest common factor of 1505192 and 256168.
328
Calculate the highest common factor of 79955060 and 340.
20
Calculate the highest common divisor of 6920821 and 3016.
29
Calculate the greatest common factor of 75669 and 193677.
33
What is the greatest common factor of 45250 and 2356982?
362
What is the highest common divisor of 184 and 4282301?
23
Calculate the highest common divisor of 7520 and 69228650.
470
What is the greatest common divisor of 408 and 17789154?
6
What is the greatest common factor of 4112 and 1588134584?
2056
What is the highest common divisor of 513519080 and 280?
40
What is the greatest common factor of 2561455 and 117?
13
Calculate the highest common factor of 354252 and 204.
12
What is the greatest common factor of 18758 and 3012354?
226
Calculate the greatest common factor of 9116 and 1751968.
212
What is the highest common factor of 108 and 1148419296?
108
Calculate the greatest common divisor of 1358147 and 20111.
119
What is the highest common divisor of 112 and 5414248?
56
Calculate the highest common factor of 2711009 and 48210.
1607
What is the highest common factor of 3285 and 10265?
5
What is the greatest common divisor of 23123195 and 5?
5
What is the greatest common factor of 365093385 and 1005?
1005
What is the greatest common divisor of 20062750 and 250?
250
Calculate the greatest common factor of 126803 and 442.
17
Calculate the highest common divisor of 95724224 and 448.
64
Calculate the greatest common factor of 19980 and 71698785.
555
Calculate the greatest common divisor of 1815 and 3670035.
15
What is the greatest common factor of 144 and 20023104?
48
What is the greatest common divisor of 23468304 and 26025?
1041
Calculate the greatest common divisor of 1844330 and 10982.
646
What is the highest common factor of 288 and 2904588?
36
What is the highest common divisor of 91371580 and 14980?
2140
Calculate the highest common factor of 489 and 141547407.
489
What is the greatest common divisor of 256 and 3197664?
32
Calculate the highest common factor of 2002 and 2098426.
22
What is the greatest common factor of 61184 and 25856?
256
Calculate the greatest common factor of 940 and 15603530.
470
What is the greatest common factor of 180 and 51880884?
12
Calculate the greatest common factor of 76 and 39550666.
38
Calculate the greatest common divisor of 133497 and 70421.
13
What is the greatest common divisor of 132610612 and 2692?
2692
Calculate the greatest common factor of 4772518 and 1098.
122
What is the highest common factor of 217 and 1619471?
217
Calculate the highest common divisor of 94140038 and 9129.
179
What is the greatest common divisor of 35161322 and 90650?
3626
Calculate the highest common divisor of 70 and 4981970.
70
What is the highest common factor of 553 and 67387?
79
What is the highest common factor of 29421776 and 32016?
464
Calculate the highest common divisor of 50 and 263773050.
50
Calculate the greatest common factor of 26052 and 19916.
52
What is the highest common divisor of 304 and 557264?
16
Calculate the highest common factor of 70072377 and 254.
127
What is the highest common divisor of 72694 and 33364?
38
What is the greatest common factor of 1848944 and 12848?
1168
What is the greatest common divisor of 7136910 and 396?
198
Calculate the greatest common divisor of 31626744 and 984.
984
What is the highest common divisor of 34793982 and 9554?
562
What is the highest common divisor of 726380 and 60?
20
What is the highest common divisor of 1919008 and 432?
16
What is the highest common factor of 52218 and 36801?
27
What is the highest common factor of 82507080 and 12?
12
Calculate the highest common factor of 2679360530 and 946.
946
Calculate the greatest common divisor of 994412 and 207644.
148
What is the greatest common factor of 97309 and 6846159?
3139
Calculate the highest common divisor of 10184 and 1929184.
152
What is the highest common divisor of 137562080 and 1160?
1160
Calculate the highest common divisor of 108397702 and 14.
14
What is the highest common divisor of 4725680 and 9880?
760
Calculate the highest common factor of 35262 and 732.
6
What is the greatest common factor of 82640487 and 1284?
321
What is the highest common divisor of 41447604 and 264?
132
What is the highest common divisor of 5020 and 161363884?
1004
Calculate the highest common divisor of 84 and 222503631.
21
What is the greatest common divisor of 53664 and 54522?
78
What is the greatest common factor of 28224 and 6315561?
441
What is the highest common factor of 7571 and 45345431?
113
What is the highest common factor of 99 and 38478528?
99
Calculate the highest common divisor of 2948 and 16226060.
268
What is the greatest common factor of 978 and 316191?
3
Calculate the highest common factor of 262 and 25842239.
131
What is the highest common factor of 12773 and 55189?
241
What is the greatest common factor of 3722 and 519472096?
3722
What is the greatest common divisor of 26517803 and 775?
31
What is the highest common divisor of 512146800 and 50?
50
What is the highest common factor of 9012 and 85917404?
3004
What is the highest common divisor of 43251336 and 360?
72
What is the highest common divisor of 812 and 49251454?
406
What is the highest common divisor of 289 and 2917047?
17
Calculate the highest common factor of 152206506 and 18.
18
Calculate the highest common factor of 5460 and 48235740.
420
What is the greatest common divisor of 707112 and 1866600?
4392
What is the highest common factor of 1122360 and 38070?
1410
What is the greatest common factor of 13146612 and 924?
12
What is the highest common divisor of 858 and 25511304?
78
What is the greatest common factor of 32113539 and 5?
1
Calculate the highest common factor of 33231 and 1925702.
53
Calculate the highest common divisor of 1274 and 2581462.
26
What is the highest common factor of 263 and 106390601?
263
What is the highest common divisor of 73781 and 145693?
89
Calculate the greatest common factor of 4799 and 517058657.
4799
What is the highest common divisor of 55 and 6285554?
11
Calculate the greatest common factor of 3752624 and 1744.
16
Calculate the highest common divisor of 104381 and 325.
1
What is the greatest common factor of 10252 and 4108489?
2563
What is the greatest common divisor of 3282614 and 2698?
142
What is the greatest common factor of 69 and 9685415?
23
Calculate the greatest common divisor of 51970 and 17800.
10
Calculate the greatest common divisor of 212 and 29488246.
106
What is the highest common factor of 73007348 and 3406?
262
Calculate the greatest common divisor of 27 and 478981.
1
Calculate the greatest common divisor of 5143 and 3977624.
139
What is the greatest common factor of 24841275 and 300?
75
What is the highest common divisor of 1818 and 69403766?
202
Calculate the highest common factor of 126 and 44555040.
18
Calculate the highest common divisor of 53697908 and 1392.
116
What is the greatest common divisor of 1088 and 11275760?
272
What is the greatest common factor of 7017 and 3421957?
2339
Calculate the highest common divisor of 1547 and 382302817.
221
Calculate the highest common divisor of 16969520 and 989.
43
Calculate the greatest common factor of 19245 and 536997084.
3849
What is the highest common factor of 441 and 34544706?
147
What is the greatest common divisor of 1516 and 268556?
4
Calculate the greatest common divisor of 2287506 and 5374